{"id":18596,"date":"2026-01-21T19:08:16","date_gmt":"2026-01-21T22:08:16","guid":{"rendered":"https:\/\/www.hidrocentro.cl\/importadora\/?post_type=product&#038;p=18596"},"modified":"2026-01-21T19:08:41","modified_gmt":"2026-01-21T22:08:41","slug":"union-canaleta-marron-generico-m","status":"publish","type":"product","link":"https:\/\/www.hidrocentro.cl\/importadora\/producto\/union-canaleta-marron-generico-m\/","title":{"rendered":"Uni\u00f3n Canaleta Marr\u00f3n Gen\u00e9rico M"},"content":{"rendered":"","protected":false},"excerpt":{"rendered":"","protected":false},"featured_media":15733,"comment_status":"open","ping_status":"closed","template":"","meta":[],"class_list":["post-18596","product","type-product","status-publish","has-post-thumbnail","hentry","product_cat-fittings-aguas-lluvias"],"_links":{"self":[{"href":"https:\/\/www.hidrocentro.cl\/importadora\/wp-json\/wp\/v2\/product\/18596"}],"collection":[{"href":"https:\/\/www.hidrocentro.cl\/importadora\/wp-json\/wp\/v2\/product"}],"about":[{"href":"https:\/\/www.hidrocentro.cl\/importadora\/wp-json\/wp\/v2\/types\/product"}],"replies":[{"embeddable":true,"href":"https:\/\/www.hidrocentro.cl\/importadora\/wp-json\/wp\/v2\/comments?post=18596"}],"wp:featuredmedia":[{"embeddable":true,"href":"https:\/\/www.hidrocentro.cl\/importadora\/wp-json\/wp\/v2\/media\/15733"}],"wp:attachment":[{"href":"https:\/\/www.hidrocentro.cl\/importadora\/wp-json\/wp\/v2\/media?parent=18596"}],"curies":[{"name":"wp","href":"https:\/\/api.w.org\/{rel}","templated":true}]}}