{"id":1518,"date":"2021-02-05T01:14:17","date_gmt":"2021-02-05T01:14:17","guid":{"rendered":"http:\/\/157.90.21.123\/wordpress\/parent-site-products\/producto\/bomba-pedr-hfm-5b-1hp-220v-2x2-koslan\/"},"modified":"2021-11-25T10:59:58","modified_gmt":"2021-11-25T13:59:58","slug":"bomba-pedr-hfm-5b-1hp-220v-2x2-koslan","status":"publish","type":"product","link":"https:\/\/www.hidrocentro.cl\/sanpedro\/producto\/bomba-pedr-hfm-5b-1hp-220v-2x2-koslan\/","title":{"rendered":"Bomba Pedr. Hfm 5B 1Hp 220V 2X2 Koslan"},"content":{"rendered":"<ul>\n<li>Modelo \/ Descripci\u00f3n: HFm 5B<\/li>\n<li>HP: 1<\/li>\n<li>Altura max (mts): 13<\/li>\n<li>Caudal Mx: 500<\/li>\n<li>Succi\u00f3n max (mts): 7<\/li>\n<li>Voltaje: 220V<\/li>\n<li>Amp: 4.9<\/li>\n<li>Diametro: 2&#8243;x2&#8243;<\/li>\n<li>Certificaci\u00f3n: Curvas certificadas ISO 9906<\/li>\n<li>Eficiencia energ\u00e9tica: S\u00cd<\/li>\n<\/ul>\n","protected":false},"excerpt":{"rendered":"<p>Modelo \/ Descripci\u00f3n: HFm 5B HP: 1 Altura max (mts): 13 Caudal Mx: 500 Succi\u00f3n max (mts): 7 Voltaje: 220V Amp: 4.9 Diametro: 2&#8243;x2&#8243; Certificaci\u00f3n: Curvas certificadas ISO 9906 Eficiencia [&hellip;]<\/p>\n","protected":false},"featured_media":9010,"comment_status":"open","ping_status":"closed","template":"","meta":[],"class_list":["post-1518","product","type-product","status-publish","has-post-thumbnail","hentry","product_cat-centrifugas"],"_links":{"self":[{"href":"https:\/\/www.hidrocentro.cl\/sanpedro\/wp-json\/wp\/v2\/product\/1518"}],"collection":[{"href":"https:\/\/www.hidrocentro.cl\/sanpedro\/wp-json\/wp\/v2\/product"}],"about":[{"href":"https:\/\/www.hidrocentro.cl\/sanpedro\/wp-json\/wp\/v2\/types\/product"}],"replies":[{"embeddable":true,"href":"https:\/\/www.hidrocentro.cl\/sanpedro\/wp-json\/wp\/v2\/comments?post=1518"}],"wp:featuredmedia":[{"embeddable":true,"href":"https:\/\/www.hidrocentro.cl\/sanpedro\/wp-json\/wp\/v2\/media\/9010"}],"wp:attachment":[{"href":"https:\/\/www.hidrocentro.cl\/sanpedro\/wp-json\/wp\/v2\/media?parent=1518"}],"curies":[{"name":"wp","href":"https:\/\/api.w.org\/{rel}","templated":true}]}}