{"id":5618,"date":"2021-02-05T01:33:46","date_gmt":"2021-02-05T01:33:46","guid":{"rendered":"http:\/\/157.90.21.123\/wordpress\/parent-site-products\/producto\/union-canaleta-marron-generico-m\/"},"modified":"2026-04-23T10:54:21","modified_gmt":"2026-04-23T14:54:21","slug":"union-canaleta-marron-generico-m","status":"publish","type":"product","link":"https:\/\/www.hidrocentro.cl\/sanpedro\/producto\/union-canaleta-marron-generico-m\/","title":{"rendered":"Uni\u00f3n Canaleta Marr\u00f3n Gen\u00e9rico M"},"content":{"rendered":"","protected":false},"excerpt":{"rendered":"","protected":false},"featured_media":9759,"comment_status":"open","ping_status":"closed","template":"","meta":[],"class_list":["post-5618","product","type-product","status-publish","has-post-thumbnail","hentry","product_cat-fittings-aguas-lluvias"],"_links":{"self":[{"href":"https:\/\/www.hidrocentro.cl\/sanpedro\/wp-json\/wp\/v2\/product\/5618"}],"collection":[{"href":"https:\/\/www.hidrocentro.cl\/sanpedro\/wp-json\/wp\/v2\/product"}],"about":[{"href":"https:\/\/www.hidrocentro.cl\/sanpedro\/wp-json\/wp\/v2\/types\/product"}],"replies":[{"embeddable":true,"href":"https:\/\/www.hidrocentro.cl\/sanpedro\/wp-json\/wp\/v2\/comments?post=5618"}],"wp:featuredmedia":[{"embeddable":true,"href":"https:\/\/www.hidrocentro.cl\/sanpedro\/wp-json\/wp\/v2\/media\/9759"}],"wp:attachment":[{"href":"https:\/\/www.hidrocentro.cl\/sanpedro\/wp-json\/wp\/v2\/media?parent=5618"}],"curies":[{"name":"wp","href":"https:\/\/api.w.org\/{rel}","templated":true}]}}